{"id":138,"date":"2024-07-18T18:52:58","date_gmt":"2024-07-18T16:52:58","guid":{"rendered":"https:\/\/cogitetsens.fr\/?page_id=138"},"modified":"2025-02-06T16:10:04","modified_gmt":"2025-02-06T15:10:04","slug":"la-gestion-mentale","status":"publish","type":"page","link":"https:\/\/cogitetsens.fr\/index.php\/la-gestion-mentale\/","title":{"rendered":"Mes approches"},"content":{"rendered":"\n<p class=\"has-contrast-light-color has-text-color has-link-color wp-elements-90db475d10755b4f1535a015bbd05391\"><\/p>\n\n\n\n<p class=\"has-contrast-dark-color has-text-color has-link-color wp-elements-c4d0956f01c5309f5a022aa1a921b8b7\"><\/p>\n\n\n\n<div class=\"wp-block-group has-contrast-dark-color has-contrast-light-background-color has-text-color has-background has-link-color wp-elements-70233e09e065d89e6b48a30984106717 has-global-padding is-layout-constrained wp-container-core-group-is-layout-b7d90ddb wp-block-group-is-layout-constrained\" style=\"margin-top:0;margin-bottom:0;padding-top:var(--wp--preset--spacing--superbspacing-xxlarge);padding-right:var(--wp--preset--spacing--superbspacing-small);padding-bottom:var(--wp--preset--spacing--superbspacing-xxlarge);padding-left:var(--wp--preset--spacing--superbspacing-small)\">\n<h2 class=\"wp-block-heading has-contrast-dark-color has-text-color has-link-color wp-elements-428eb99dd457f38d3b93a821f88c986e\">La Gestion Mentale et son fondateur, Antoine de la Garanderie<\/h2>\n\n\n\n<p class=\"has-text-align-left has-contrast-dark-color has-text-color has-link-color wp-elements-f1d081c7b9179883c647e7ad7586c16a\">J&rsquo;utilise principalement la p\u00e9dagogie des gestes mentaux, car cette approche p\u00e9dagogique tout public permet de r\u00e9pondre \u00e0 la question : <strong><em>\u00ab\u00a0Je pense, oui, mais comment ?\u00a0\u00bb<\/em><\/strong> <\/p>\n\n\n\n<h3 class=\"wp-block-heading has-contrast-dark-color has-text-color has-link-color wp-elements-b74fa6dd9e2b41ad40652bc469c37b3c\">Gestion mentale : c&rsquo;est la p\u00e9dagogie des gestes mentaux<\/h3>\n\n\n\n<div class=\"wp-block-media-text is-stacked-on-mobile has-contrast-dark-color has-text-color has-link-color wp-elements-390258d1902188ba54e831f5ada599d6\" style=\"grid-template-columns:40% auto\"><figure class=\"wp-block-media-text__media\"><img loading=\"lazy\" decoding=\"async\" width=\"739\" height=\"1024\" src=\"https:\/\/cogitetsens.fr\/wp-content\/uploads\/2024\/08\/Antoine_de_la_Garanderie-739x1024.jpg\" alt=\"\" class=\"wp-image-180 size-large\" srcset=\"https:\/\/cogitetsens.fr\/wp-content\/uploads\/2024\/08\/Antoine_de_la_Garanderie-739x1024.jpg 739w, https:\/\/cogitetsens.fr\/wp-content\/uploads\/2024\/08\/Antoine_de_la_Garanderie-217x300.jpg 217w, https:\/\/cogitetsens.fr\/wp-content\/uploads\/2024\/08\/Antoine_de_la_Garanderie-768x1064.jpg 768w, https:\/\/cogitetsens.fr\/wp-content\/uploads\/2024\/08\/Antoine_de_la_Garanderie-1109x1536.jpg 1109w, https:\/\/cogitetsens.fr\/wp-content\/uploads\/2024\/08\/Antoine_de_la_Garanderie-1479x2048.jpg 1479w, https:\/\/cogitetsens.fr\/wp-content\/uploads\/2024\/08\/Antoine_de_la_Garanderie.jpg 1535w\" sizes=\"auto, (max-width: 739px) 100vw, 739px\" \/><\/figure><div class=\"wp-block-media-text__content\">\n<p class=\"has-contrast-dark-color has-text-color has-link-color wp-elements-3904fef53b29de571f76a889f3c161c8\"><strong>Antoine de La Garanderie <\/strong>(1920-2010) fondateur de la gestion mentale, philosophe et p\u00e9dagogue, a men\u00e9 une grande recherche afin de d\u00e9finir les incontournables n\u00e9cessaires \u00e0 une pens\u00e9e efficace. <\/p>\n\n\n\n<p class=\"has-contrast-dark-color has-text-color has-link-color wp-elements-de7b03d7b0f29753872d7bbd7e89a724\">Il a identifi\u00e9 et r\u00e9pertori\u00e9 la grande diversit\u00e9 des fonctionnements cognitifs \u00e0 partir de l\u2019analyse des habitudes mentales de nombreux sujets.<\/p>\n\n\n\n<p class=\"has-contrast-dark-color has-text-color has-link-color wp-elements-f9f0e1e8f9273ea18edeb1f11cca8074\">Cela lui a permis de r\u00e9pertorier une grande diversit\u00e9 de fonctionnements cognitifs. <\/p>\n\n\n\n<p class=\"has-contrast-dark-color has-text-color has-link-color wp-elements-ac8b157e2db9a51debd8014851ec70c8\">Antoine de La Garanderie met en \u00e9vidence le r\u00f4le fondamental de <strong>l&rsquo;\u00e9vocation comme outil de la pens\u00e9e<\/strong>. <\/p>\n\n\n\n<p class=\"has-contrast-dark-color has-text-color has-link-color wp-elements-c8ca11944c30aa47a8f1f4565627b3fa\">Il a  explicit\u00e9 les processus mentaux qu&rsquo;il convient de mettre en place pour effectuer les \u00ab gestes \u00bb mentaux essentiels, \u00e0 savoir : faire attention, m\u00e9moriser, comprendre, r\u00e9fl\u00e9chir, imaginer. Ces 5 gestes mentaux qui interviennent dans les situations d\u2019apprentissage.<\/p>\n\n\n\n<p class=\"has-contrast-dark-color has-text-color has-link-color wp-elements-c4d0956f01c5309f5a022aa1a921b8b7\"><\/p>\n<\/div><\/div>\n\n\n\n<p class=\"has-text-align-left has-contrast-dark-color has-text-color has-link-color wp-elements-167f88d6b349e87ba119e4fc562a6454\">La Gestion Mentale est une p\u00e9dagogie des moyens d&rsquo;apprendre, mais aussi et surtout une <strong>p\u00e9dagogie de la r\u00e9ussite et du sens !<\/strong><\/p>\n\n\n\n<figure class=\"wp-block-image size-full is-resized\"><img loading=\"lazy\" decoding=\"async\" width=\"872\" height=\"467\" src=\"http:\/\/cogitetsens.fr\/wp-content\/uploads\/2024\/08\/gestes-mentaux-1.png\" alt=\"Les cinq gestes mentaux au coeur de la gestion mentale : compr\u00e9hension, r\u00e9flexion, imagination cr\u00e9atrice, attention et m\u00e9morisation\" class=\"wp-image-173\" style=\"aspect-ratio:1.3333333333333333;object-fit:contain;width:868px;height:auto\" srcset=\"https:\/\/cogitetsens.fr\/wp-content\/uploads\/2024\/08\/gestes-mentaux-1.png 872w, https:\/\/cogitetsens.fr\/wp-content\/uploads\/2024\/08\/gestes-mentaux-1-300x161.png 300w, https:\/\/cogitetsens.fr\/wp-content\/uploads\/2024\/08\/gestes-mentaux-1-768x411.png 768w\" sizes=\"auto, (max-width: 872px) 100vw, 872px\" \/><\/figure>\n\n\n\n<p class=\"has-contrast-dark-color has-text-color has-link-color wp-elements-70c2dc585f79102195395b94a3295e77\">La Gestion Mentale est une approche p\u00e9dagogique <strong>tr\u00e8s humaniste <\/strong>et <strong>surtout positive<\/strong> qui s\u2019appuie sur des bases philosophiques et prend l\u2019individu en compte dans son rapport au monde. <\/p>\n\n\n\n<p class=\"has-contrast-dark-color has-text-color has-link-color wp-elements-0ac3d3fbb261abb816f0c6629cd6ed8b\">En gestion mentale,<strong> on se concentre sur l\u2019\u00eatre<\/strong>. Reconnue par l\u2019Education Nationale, la gestion mentale est n\u00e9e dans les ann\u00e9es 1980, \u00e0 partir de dialogues p\u00e9dagogiques \u00e9labor\u00e9s avec des \u00e9l\u00e8ves en <strong>r\u00e9ussite <\/strong>scolaire.<\/p>\n\n\n\n<p class=\"has-contrast-dark-color has-text-color has-link-color wp-elements-24e03d3beab2c3900f8254c8ace929fa\">Lorsqu\u2019on t\u00e9moigne de son activit\u00e9 mentale, on r\u00e9v\u00e8le qui on est vraiment, car on touche au c\u0153ur de ce qui fait sens pour soi. Cela permet de dire : oui, voil\u00e0, c\u2019est bien moi ! Une fois renseign\u00e9, on sait davantage qui on est. <span style=\"font-family: var(--wp--preset--font-family--fontsecondary); font-size: var(--wp--preset--font-size--superbfont-xsmall);\">Si tous ces gestes sont descriptibles de la m\u00eame mani\u00e8re qu&rsquo;un geste physique, ils peuvent \u00eatre enseign\u00e9s au m\u00eame titre que n&rsquo;importe quelle discipline.<\/span><\/p>\n\n\n\n<p class=\"has-contrast-dark-color has-text-color has-link-color wp-elements-b1cc072fffd75d47f5a8366d584e5d6e\">En rendant chacun <strong>conscient <\/strong>de ses habitudes mentales (qu&rsquo;il pratique souvent depuis longtemps et dans tous les domaines), La gestion mentale lui donne l&rsquo;occasion de les enrichir, de les modifier, de les \u00e9largir. Autrement dit, elle lui donne <strong>un moyen <\/strong>d&rsquo;agir sur elles. Un enseignant enseigne toujours en utilisant ses propres habitudes mentales \u00e9vocatives : comment pourrait-il apprendre \u00e0 tenir compte des habitudes des autres si personne ne l&rsquo;am\u00e8ne d&rsquo;abord \u00e0 prendre conscience de ce qu&rsquo;il fait mentalement et qui est performant pour lui ? et puis \u00e0 d\u00e9couvrir qu&rsquo;il y a d&rsquo;autres mani\u00e8res de proc\u00e9der ? C&rsquo;est une v\u00e9ritable d\u00e9marche qui passe obligatoirement par l&rsquo;observation de son propre fonctionnement, gr\u00e2ce \u00e0 l&rsquo;auto-observation (ou introspection).<\/p>\n\n\n\n<h3 class=\"wp-block-heading has-contrast-dark-color has-text-color has-link-color wp-elements-ced639689d9160768fd2ae550453de22\">Les cinq gestes mentaux \u00e9tudi\u00e9s<\/h3>\n\n\n\n<figure class=\"wp-block-image size-full is-resized\"><img loading=\"lazy\" decoding=\"async\" width=\"861\" height=\"425\" src=\"http:\/\/cogitetsens.fr\/wp-content\/uploads\/2024\/08\/pedagogie-sens.png\" alt=\"\" class=\"wp-image-171\" style=\"width:826px;height:auto\" srcset=\"https:\/\/cogitetsens.fr\/wp-content\/uploads\/2024\/08\/pedagogie-sens.png 861w, https:\/\/cogitetsens.fr\/wp-content\/uploads\/2024\/08\/pedagogie-sens-300x148.png 300w, https:\/\/cogitetsens.fr\/wp-content\/uploads\/2024\/08\/pedagogie-sens-768x379.png 768w\" sizes=\"auto, (max-width: 861px) 100vw, 861px\" \/><\/figure>\n\n\n\n<p class=\"has-text-align-left has-contrast-dark-color has-text-color\">L&rsquo;attention, la m\u00e9morisation, la r\u00e9flexion, la compr\u00e9hension et l&rsquo;imagination cr\u00e9atrice sont autant de processus de pens\u00e9e que nous effectuons inconsciemment face \u00e0 certaines t\u00e2ches. Tous ces gestes utilisent les \u00e9vocations et s&rsquo;articulent entre eux en des strat\u00e9gies diff\u00e9rentes selon les sujets. Ils sont toujours d\u00e9clench\u00e9s par un projet pr\u00e9cis. <br>Chacun met en place tr\u00e8s t\u00f4t des habitudes mentales, m\u00e9thodes personnelles de traitement de l&rsquo;information. Ce sont des \u00e9vocations faites spontan\u00e9ment, des gestes mentaux privil\u00e9gi\u00e9s, des encha\u00eenements familiers.<br><br><strong>L&rsquo;\u00e9l\u00e8ve va apprendre \u00ab\u00a0Comment faire\u00a0\u00bb en fonction de son projet de sens personnel.<\/strong><br><br>Certaines personnes sont expertes dans tous les gestes, d&rsquo;autres ont des manques ou des absences. Il faut donc prendre conscience de ces 5 gestes afin de pouvoir agir sur eux.<br><br>En situation de t\u00e2che, le dialogue va lui permettre de mettre en \u00e9vidence les \u00e9tapes indispensables \u00e0 la r\u00e9ussite de cette t\u00e2che. Il va mettre en valeur les moyens. L\u2019\u00e9l\u00e8ve va apprendre \u00ab Comment faire \u00bb en fonction de <strong>son projet de sens personnel<\/strong>. Notre r\u00f4le est donc de le renseigner.<br><br><strong>Par le projet<\/strong>, le sujet anticipe le traitement qu\u2018il fera du couple perception\/\u00e9vocation ; il op\u00e8re ainsi une sorte de d\u00e9placement dans le temps (vers l\u2019avenir) et dans l\u2019espace (cadre d\u2019accueil). Le projet est une direction donn\u00e9e \u00e0 l\u2019activit\u00e9 mentale qui permet au sujet d\u2019adopter le traitement intellectuel appropri\u00e9 pour r\u00e9ussir une t\u00e2che.<br><br><strong>Notre mission<\/strong> : faire d\u00e9couvrir la qualit\u00e9 de l\u2019acte cognitif dont il fait usage sans rendre compte, proposer des actes cognitifs dont il n\u2019a jamais pens\u00e9 qu\u2019ils pouvaient \u00eatre \u00e0 sa disposition, l\u2019aider \u00e0 transf\u00e9rer ces actes afin de s\u2019ouvrir \u00e0 des potentialit\u00e9s de sens.<br><br>Nous pratiquons une <strong>p\u00e9dagogie du sens<\/strong>. Antoine de La Garanderie a mis en lumi\u00e8re notre rapport au sens dans notre fa\u00e7on de proc\u00e9der mentalement.<\/p>\n\n\n\n<p class=\"has-contrast-dark-color has-text-color has-link-color wp-elements-fa26fcb77dedbbb39c7923493157aca3\">Le <strong>dialogue p\u00e9dagogique<\/strong> est l\u2019instrument d\u2019analyse utilis\u00e9 pour aider le sujet \u00e0 prendre conscience de ses propres proc\u00e9dures mentales. C\u2019est un point de d\u00e9part pour progresser. Il permet de mettre au point des proc\u00e9dures efficaces adapt\u00e9es aux habitudes de sens de l\u2019apprenant et d\u2019en v\u00e9rifier la pertinence par des applications.<br>En tant qu\u2019approche centr\u00e9e sur la personne, la gestion mentale suit les principes de l\u2019\u00e9coute active th\u00e9oris\u00e9s par le psychologue Carl Rogers. Dans le cadre d\u2019un dialogue p\u00e9dagogique, en tant que praticienne en gestion mentale, j\u2019am\u00e8ne l\u2019individu \u00e0 conscientiser son mode de fonctionnement mental.<\/p>\n\n\n\n<figure class=\"wp-block-image size-full\"><img loading=\"lazy\" decoding=\"async\" width=\"296\" height=\"219\" src=\"http:\/\/cogitetsens.fr\/wp-content\/uploads\/2024\/07\/gestion-mentale-accueil.png\" alt=\"\" class=\"wp-image-44\"\/><\/figure>\n\n\n\n<h2 class=\"wp-block-heading has-contrast-dark-color has-text-color has-link-color wp-elements-525a1c5e6249e5096ff9a253d7a9e237\">Les neurosciences et la gestion mentale<\/h2>\n\n\n\n<div class=\"wp-block-group alignwide has-global-padding is-layout-constrained wp-container-core-group-is-layout-334a2726 wp-block-group-is-layout-constrained\">\n<p class=\"has-contrast-dark-color has-text-color has-link-color wp-elements-305b9cc8bfd269046601d9942f36d1ca\">Les neurosciences apportent un compl\u00e9ment \u00e9clairant \u00e0 la Gestion mentale. Cette approche scientifique explique le fonctionnement du cerveau et met en avant cette capacit\u00e9 extraordinaire qu&rsquo;il a de se modifier tout au long de la vie s\u2019il est entretenu : c\u2019est ce qu&rsquo;on appelle la \u00ab\u00a0plasticit\u00e9 c\u00e9r\u00e9brale\u00a0\u00bb !<\/p>\n\n\n\n<figure class=\"wp-block-image size-full is-resized\"><img loading=\"lazy\" decoding=\"async\" width=\"740\" height=\"480\" src=\"http:\/\/cogitetsens.fr\/wp-content\/uploads\/2024\/08\/neuroeducation.png\" alt=\"\" class=\"wp-image-174\" style=\"width:535px;height:auto\" srcset=\"https:\/\/cogitetsens.fr\/wp-content\/uploads\/2024\/08\/neuroeducation.png 740w, https:\/\/cogitetsens.fr\/wp-content\/uploads\/2024\/08\/neuroeducation-300x195.png 300w\" sizes=\"auto, (max-width: 740px) 100vw, 740px\" \/><\/figure>\n\n\n\n<p class=\"has-contrast-dark-color has-text-color has-link-color wp-elements-e64289c63935b7b91747e653bfeb41e9\">J\u2019utilise les principes de la neuro\u00e9ducation dans ma pratique pour accompagner au mieux chacun : attention, espacement, r\u00e9activation des connaissances, approche active, aide \u00e0 l\u2019inhibition\u2026<\/p>\n\n\n\n<p class=\"has-contrast-dark-color has-text-color has-link-color wp-elements-6bd77934fe420faaffecaaf8c6c67099\">Les hypoth\u00e8ses d&rsquo;Antoine de la Garanderie se v\u00e9rifient aujourd\u2019hui gr\u00e2ce \u00e0 l\u2019avanc\u00e9e des neurosciences qui nous renseignent pr\u00e9cis\u00e9ment sur l\u2019activit\u00e9 du cerveau en action. Concernant la m\u00e9morisation, par exemple, il reconnait l\u2019importance de l\u2019espacement et de la r\u00e9activation. Les neurosciences viennent \u00e9galement confirmer la n\u00e9cessit\u00e9 d\u2019une intention, d\u2019un projet d\u00e9fini pour toute activit\u00e9 neuronale.<\/p>\n\n\n\n<h2 class=\"wp-block-heading has-contrast-dark-color has-text-color has-link-color wp-elements-1c37536267b0484d9e08d6d009509358\">Le mind mapping<\/h2>\n\n\n\n<figure class=\"wp-block-image size-full is-resized\"><img loading=\"lazy\" decoding=\"async\" width=\"689\" height=\"485\" src=\"http:\/\/cogitetsens.fr\/wp-content\/uploads\/2024\/08\/image.png\" alt=\"L\u2019attribut alt de cette image est vide, son nom de fichier est mind-mapping.png.\" class=\"wp-image-176\" style=\"aspect-ratio:1.3333333333333333;object-fit:contain;width:420px;height:auto\" srcset=\"https:\/\/cogitetsens.fr\/wp-content\/uploads\/2024\/08\/image.png 689w, https:\/\/cogitetsens.fr\/wp-content\/uploads\/2024\/08\/image-300x211.png 300w\" sizes=\"auto, (max-width: 689px) 100vw, 689px\" \/><\/figure>\n\n\n\n<p class=\"has-contrast-dark-color has-text-color has-link-color wp-elements-92e86dff37eaf07d3c0a12f3477dcb79\">Fond\u00e9e par l\u2019utilise sur l\u2019utilisation d\u2019arborescence de mots destin\u00e9s \u00e0 repr\u00e9senter et d\u00e9velopper une id\u00e9e, le Mind mapping permet de stimuler de mani\u00e8re spectaculaire, l\u2019intelligence, la cr\u00e9ativit\u00e9, la communication, la concentration et la m\u00e9moire. Tony Busan, ma\u00eetre du mind mapping nous a fait d\u00e9couvrir les secrets de son efficacit\u00e9. Une m\u00e9thode plus efficace pour stimuler la pens\u00e9e.<\/p>\n<\/div>\n\n\n\n<div class=\"wp-block-buttons is-content-justification-center is-layout-flex wp-container-core-buttons-is-layout-a89b3969 wp-block-buttons-is-layout-flex\">\n<div class=\"wp-block-button is-style-fill\"><a class=\"wp-block-button__link has-contrast-dark-color has-cyan-bluish-gray-background-color has-text-color has-background has-link-color has-text-align-center wp-element-button\" href=\"https:\/\/cogitetsens.fr\/index.php\/contact\/\">Prendre un RDV exploratoire gratuit de 30 minutes<\/a><\/div>\n<\/div>\n\n\n\n<div class=\"wp-block-group alignwide has-global-padding is-layout-constrained wp-container-core-group-is-layout-334a2726 wp-block-group-is-layout-constrained\">\n<p><\/p>\n<\/div>\n<\/div>\n","protected":false},"excerpt":{"rendered":"<p>La Gestion Mentale et son fondateur, Antoine de la Garanderie J&rsquo;utilise principalement la p\u00e9dagogie des gestes mentaux, car cette approche p\u00e9dagogique tout public permet de r\u00e9pondre \u00e0 la question : \u00ab\u00a0Je pense, oui, mais comment ?\u00a0\u00bb Gestion mentale : c&rsquo;est la p\u00e9dagogie des gestes mentaux Antoine de La Garanderie (1920-2010) fondateur de la gestion mentale, [&hellip;]<\/p>\n","protected":false},"author":1,"featured_media":0,"parent":0,"menu_order":0,"comment_status":"closed","ping_status":"closed","template":"","meta":{"footnotes":""},"class_list":["post-138","page","type-page","status-publish","hentry"],"_links":{"self":[{"href":"https:\/\/cogitetsens.fr\/index.php\/wp-json\/wp\/v2\/pages\/138","targetHints":{"allow":["GET"]}}],"collection":[{"href":"https:\/\/cogitetsens.fr\/index.php\/wp-json\/wp\/v2\/pages"}],"about":[{"href":"https:\/\/cogitetsens.fr\/index.php\/wp-json\/wp\/v2\/types\/page"}],"author":[{"embeddable":true,"href":"https:\/\/cogitetsens.fr\/index.php\/wp-json\/wp\/v2\/users\/1"}],"replies":[{"embeddable":true,"href":"https:\/\/cogitetsens.fr\/index.php\/wp-json\/wp\/v2\/comments?post=138"}],"version-history":[{"count":15,"href":"https:\/\/cogitetsens.fr\/index.php\/wp-json\/wp\/v2\/pages\/138\/revisions"}],"predecessor-version":[{"id":341,"href":"https:\/\/cogitetsens.fr\/index.php\/wp-json\/wp\/v2\/pages\/138\/revisions\/341"}],"wp:attachment":[{"href":"https:\/\/cogitetsens.fr\/index.php\/wp-json\/wp\/v2\/media?parent=138"}],"curies":[{"name":"wp","href":"https:\/\/api.w.org\/{rel}","templated":true}]}}